33 = 3*o. Let f = 26 + t. Calculate the highest common divisor of f and 60.
20
Let d(y) = -4 + 7 + 5*y**2 - 5*y + y**3 + 4. Let z be d(-6). Calculate the greatest common factor of 5 and z.
1
Suppose -a + 485 = -5*b + 142, 5*b = -25. Let z be (-2)/(-9) + a/27. Calculate the greatest common divisor of z and 18.
6
Let m(s) = 24*s**2 + 2*s - 2. Let y be m(-2). Let c(a) = -a**2 - 8*a - 2. Let v be c(-6). Calculate the greatest common divisor of y and v.
10
Let m(r) be the third derivative of r**6/120 - r**5/10 + 7*r**4/24 + 2*r**2. Let h be m(5). What is the greatest common divisor of 10 and h?
10
Let f = 18 - 19. Let h be ((-16)/10)/(f/60). What is the highest common factor of h and 24?
24
Suppose 0 = 67*h - 70*h + 54. Suppose -2*o = 3*o - 45. What is the highest common divisor of h and o?
9
Suppose 0 = -3*u + 10 + 5. Suppose 0 = s - 6*s + 95. Suppose -v = -s - 1. Calculate the highest common factor of v and u.
5
Suppose 10*m + 95 = 11*m. Suppose -24 = -p + m. Calculate the highest common factor of p and 17.
17
Let g be 7 + -6 - (-2 + 6). Let u(d) = -2 + 4*d**2 + 2*d**2 - 2*d**2 + 2*d + d**3. Let r be u(g). Calculate the highest common factor of 11 and r.
1
Suppose 684 = 6*m - 276. Calculate the highest common factor of 20 and m.
20
Let z = -27 - -43. Let g = -235 - -767. Suppose 0 = -3*m + 2*s + g, -2*m + 0*s + 350 = s. Calculate the greatest common factor of z and m.
16
Let m(s) = -53*s + 8. Let t be m(-4). What is the greatest common divisor of t and 20?
20
Suppose -1 - 19 = -u - 5*n, -4*u = -2*n + 8. Suppose u = 4*r - 0*r - 20. Let t be (-20)/6*(-66)/4. Calculate the highest common factor of t and r.
5
Let h(i) = 2*i - 4. Let b be h(7). Let c(a) = -a**2 - 6*a - 5. Let f be c(-5). Let z = 5 + f. Calculate the greatest common divisor of b and z.
5
Let t(m) = m**2 - 5*m - 3. Let k be t(8). Calculate the highest common factor of 231 and k.
21
Let o be 1 - (-1 - 0/1). Suppose 2*m - 17 - 1 = -4*i, 0 = m - 5*i - 2. Let l be (12/m)/(6/21). What is the highest common factor of l and o?
2
Let h(i) be the third derivative of i**5/30 + i**4/24 - 4*i**2. Suppose -15 = -4*f + f. Let d be h(f). Calculate the highest common factor of 22 and d.
11
Suppose -2*f - 3*h = 2*h + 13, 3*h = -9. Suppose -k + 13 + f = 0. Suppose -2*w - w = -84. What is the highest common divisor of w and k?
14
Let w(n) = 2*n - 4. Let q be w(4). Let o be (4/5)/(q/50). Let d = -8 - -88. What is the greatest common factor of d and o?
10
Suppose 3*s - r + 46 = 6*s, -4*s = 3*r - 68. Calculate the highest common factor of 42 and s.
14
Let d be (-12)/78 + 316/26. Let c be (2 + -3)/((-1)/2). Calculate the greatest common factor of c and d.
2
Suppose 6*a = -2*s + 3*a + 12, s = 3*a + 15. What is the greatest common divisor of s and 9?
9
Let g = 186 - 105. Calculate the greatest common divisor of 9 and g.
9
Let a(w) = 52*w**3 + w**2 + w - 2. Let p be a(1). Calculate the highest common divisor of 13 and p.
13
Suppose i - 95 - 9 = 0. Calculate the highest common factor of i and 13.
13
Let c be (-6 + 3 + -5)/(-2). What is the greatest common divisor of c and 8?
4
Suppose 0 = -5*i + 66 + 64. What is the greatest common divisor of 26 and i?
26
Let m be (-110)/(-6) + 2/(-6). Suppose -4*a = -m - 38. Calculate the greatest common divisor of 126 and a.
14
Suppose 32 = 3*p - 5*m, 3*m + 1 - 5 = -4*p. What is the highest common divisor of 32 and p?
4
Let a = 106 - 8. Calculate the highest common factor of 147 and a.
49
Suppose 19*u = 20*u - 20. Calculate the highest common divisor of 70 and u.
10
Let x = -5 + 13. What is the highest common divisor of 1 and x?
1
Suppose 0 = -2*q - 2, -3*q - q = -n + 43. What is the greatest common factor of n and 13?
13
Suppose -3*w + 29 = 3*h - 2*w, 0 = -h - 2*w + 3. What is the highest common divisor of h and 33?
11
Suppose 0 = c + 2*c - 378. Let u(j) = -3*j - 10. Let l be u(-5). Suppose -54 = 2*s - l*s. What is the highest common factor of s and c?
18
Suppose -6*q + q = -175. What is the greatest common divisor of 5 and q?
5
Let z(g) = g**2 - 10*g + 9. Let y be z(9). Suppose y*q = -q + 5. Suppose 3 = -n, -4*f - n + 0*n = -177. Calculate the greatest common factor of q and f.
5
Let j(d) = d - 2. Let w be j(7). Suppose -w*t + 32 = -328. Let y(u) = u**3 - u**2 + 3*u - 2. Let a be y(2). Calculate the highest common factor of a and t.
8
Suppose 0*m = -d - 2*m + 34, 3*m - 35 = -d. Calculate the greatest common factor of 224 and d.
32
Suppose 4*g = -0*g - 5*y + 51, g - 18 = -3*y. Calculate the greatest common divisor of 81 and g.
9
Let q(y) = y**3 - 7*y**2 + 6*y + 2. Let b be q(6). Let v(g) = b*g - 2 - 6*g - g**2 - 5*g + g. Let s be v(-6). Calculate the greatest common factor of s and 40.
10
Suppose -2*z + 14 = -4*w - 10, -4*z - w + 12 = 0. Calculate the highest common factor of 4 and z.
4
Let z be 1/(-4) - (-9)/4. Suppose 0 = 2*s + 4*c, 0 = 2*s + z*s - 3*c. Suppose 2*l - 13 - 13 = s. What is the highest common divisor of 39 and l?
13
Let n be (-2 - (3 + 332/4))/(-2). Calculate the greatest common divisor of n and 33.
11
Let q = 34 - 116. Let p = 120 + q. Let u = p + -14. Calculate the greatest common divisor of u and 60.
12
Let k = 43 + 37. What is the highest common factor of k and 20?
20
Suppose -281 - 103 = -4*b. Let u be 1/(-3 + 291/b). Suppose -4*z = -z - 240. Calculate the greatest common divisor of u and z.
16
Suppose 3*o - 276 + 66 = 0. What is the greatest common factor of 10 and o?
10
Suppose 3*d + 0*i - 13 = -i, -4*i - 13 = -d. What is the highest common factor of 3 and d?
1
Suppose 0 = 5*o - 5 - 10. Suppose 0 = o*q + 3, -c - c + 3*q = -21. Let a be (-2)/4 + (-7)/(-2). Calculate the highest common divisor of c and a.
3
Let d = -116 + 214. Calculate the highest common divisor of 14 and d.
14
Let u = -4 + 8. Suppose -5*q + 30 = -l, 0*q - 4*q + l + 25 = 0. Let h = q - u. What is the greatest common divisor of 7 and h?
1
Let k be 1*(6 - 1) - 1. Suppose -3*r = -k - 32. Calculate the greatest common factor of 3 and r.
3
Let l = 1 + 9. Calculate the highest common divisor of 2 and l.
2
Let h be 1*-6*(-203)/14. Calculate the greatest common factor of 29 and h.
29
Let y be (-3)/(-4) + 10/8. What is the greatest common divisor of y and 20?
2
Let j(v) be the second derivative of -v**5/20 - v**3/6 + 4*v**2 + 2*v. Suppose 0 = 2*g - 4*g. Let i be j(g). What is the highest common factor of 12 and i?
4
Let q = -9 - -14. Suppose 5*c - c = 0, 4*c - 50 = -5*j. Calculate the highest common factor of j and q.
5
Suppose 13 = -u + 32. Calculate the greatest common factor of u and 171.
19
Let i = 5 - 4. Let r be (32/(-12))/(i/(-3)). What is the greatest common factor of r and 72?
8
Let n be (-406)/(-8) - (-3)/24*-6. Calculate the greatest common factor of n and 10.
10
Suppose l - 3*l = -102. Suppose 34 + 102 = 4*v. What is the greatest common divisor of v and l?
17
Let w(t) = -2*t**3 - t**2 - 2. Let d be w(-2). Let v = d + -2. Calculate the highest common divisor of 1 and v.
1
Suppose 5*h - 52 + 2 = 0. Let g be ((-32)/h)/(1/(-5)). Calculate the greatest common factor of g and 32.
16
Let s = 18 - 7. Calculate the highest common factor of s and 11.
11
Let h be (-52)/(-5) - 3/(-5). Suppose c + h = -0*c - 3*l, -2*l - 7 = c. Let p be 2 - c/(3/(-6)). Calculate the greatest common factor of p and 1.
1
Suppose 0*p = -2*p - 4, 0 = 3*i + 2*p - 260. Let l(x) = -x**3 + 7*x**2 - 4*x - 1. Let s be l(6). What is the highest common factor of i and s?
11
Suppose p - 5*p + 4 = 0. Calculate the greatest common divisor of 1 and p.
1
Let k(o) = 3*o - 1. Let t be k(1). Suppose -8*h = -2*h - 36. What is the highest common factor of t and h?
2
Suppose -97 = -8*k + 71. What is the highest common divisor of k and 21?
21
Let t = 42 - 15. Suppose 2*y = -8, 0 = 2*u + 5*y - 0*y - 12. Suppose -61 = -5*w - u. What is the greatest common factor of w and t?
9
Suppose -4*r - 3*n = -138, 2*r = -2*n + 43 + 27. Calculate the greatest common factor of r and 66.
33
Suppose -s - 3*s = -32. Let p be ((-3)/(-6))/(2/s). Suppose 2*r = -p*n + 32, 0 = -r - 0*n + 3*n - 4. Calculate the highest common divisor of 22 and r.
11
Let u = -2 - -6. Suppose 15 = u*c - 57. Calculate the greatest common factor of c and 27.
9
Suppose 2*f + 4 = 3*f. Calculate the highest common factor of 20 and f.
4
Let r = -87 - -137. Suppose 2*g = -3*g + r. Let